{"thumbnail":"https:\/\/c-f.fr\/media\/tribune\/videos\/4232\/704b27084030f0e97ce3ce3e5953e9e5.jpg","title":"Prix d'Hauterive 2019 (Vichy) : Gr\u00e2ce \u00e0 Toi Jilm\u00e9 ","html":"<iframe width=\"1280\" height=\"720\" src=\"https:\/\/www.youtube-nocookie.com\/embed\/IN565Qxq6d0?feature=oembed&rel=0\" frameborder=\"0\" allowfullscreen><\/iframe>","embedUrl":"https:\/\/c-f.fr\/index.php?option=com_easysocial&view=videos&id=4232:prix-d-hauterive-2019-vichy-grace-a-toi-jilme&layout=item&uid=1811-santour&type=user&Itemid=804&format=embed","type":"video","duration":"232"}

Prix d'Hauterive 2019 (Vichy) : Grâce à Toi Jilmé
