{"thumbnail":"https:\/\/c-f.fr\/media\/tribune\/videos\/154\/704b27084030f0e97ce3ce3e5953e9e5.jpg","title":"Prix d'\u00c9t\u00e9 2017 (attel\u00e9, Vincennes) : Aubrion du Gers","html":"<iframe width=\"1280\" height=\"720\" src=\"https:\/\/www.youtube-nocookie.com\/embed\/evQHqK8Ewqk?feature=oembed&rel=0\" frameborder=\"0\" allowfullscreen><\/iframe>","embedUrl":"https:\/\/c-f.fr\/index.php?option=com_easysocial&view=videos&id=154:prix-d-ete-2017-attele-vincennes-aubrion-du-gers&layout=item&uid=1811-santour&type=user&Itemid=804&format=embed","type":"video","duration":"202"}

Prix d'Été 2017 (attelé, Vincennes) : Aubrion du Gers
